s digit of 501903175?
3
What is the ten thousands digit of 524225248?
2
What is the hundred millions digit of 440307399?
4
What is the thousands digit of 84548603?
8
What is the units digit of 116410083?
3
What is the ten thousands digit of 64869492?
6
What is the ten millions digit of 25099096?
2
What is the hundred millions digit of 1765263299?
7
What is the ten millions digit of 6321199182?
2
What is the units digit of 63343418?
8
What is the units digit of 1690816824?
4
What is the units digit of 142178131?
1
What is the hundreds digit of 482579508?
5
What is the ten thousands digit of 49421596?
2
What is the ten millions digit of 891645380?
9
What is the ten millions digit of 75566815?
7
What is the millions digit of 490940922?
0
What is the units digit of 133482534?
4
What is the ten thousands digit of 727907775?
0
What is the hundred thousands digit of 4276821?
2
What is the hundred millions digit of 317659076?
3
What is the hundred thousands digit of 183251478?
2
What is the hundreds digit of 64691399?
3
What is the ten millions digit of 3833649704?
3
What is the hundred thousands digit of 573515921?
5
What is the hundred thousands digit of 9057092740?
0
What is the hundreds digit of 66787583?
5
What is the millions digit of 4615748?
4
What is the thousands digit of 39745793?
5
What is the billions digit of 2869654002?
2
What is the ten thousands digit of 709200651?
0
What is the tens digit of 17883849?
4
What is the hundred thousands digit of 2593445469?
4
What is the units digit of 60681200?
0
What is the ten millions digit of 118605941?
1
What is the units digit of 5179160633?
3
What is the millions digit of 148195939?
8
What is the billions digit of 3741548107?
3
What is the thousands digit of 220392630?
2
What is the ten millions digit of 12949566?
1
What is the millions digit of 530229669?
0
What is the hundreds digit of 507283532?
5
What is the millions digit of 126956042?
6
What is the units digit of 23524552?
2
What is the units digit of 37062164?
4
What is the thousands digit of 242500270?
0
What is the thousands digit of 106029246?
9
What is the tens digit of 774922481?
8
What is the hundreds digit of 8937574?
5
What is the millions digit of 4729529971?
9
What is the millions digit of 342525707?
2
What is the ten thousands digit of 800361120?
6
What is the ten millions digit of 3386590070?
8
What is the tens digit of 49195755?
5
What is the hundreds digit of 33983462?
4
What is the billions digit of 1698997955?
1
What is the units digit of 3655987224?
4
What is the thousands digit of 228538181?
8
What is the units digit of 497686708?
8
What is the millions digit of 485777645?
5
What is the hundred thousands digit of 2072822755?
8
What is the millions digit of 62747520?
2
What is the hundreds digit of 615933688?
6
What is the ten thousands digit of 19448854?
4
What is the tens digit of 717871300?
0
What is the ten millions digit of 206544742?
0
What is the units digit of 291522367?
7
What is the ten thousands digit of 29781667?
8
What is the ten millions digit of 317558185?
1
What is the units digit of 59261953?
3
What is the hundred thousands digit of 348747665?
7
What is the units digit of 23017903?
3
What is the hundred thousands digit of 304663531?
6
What is the millions digit of 396302475?
6
What is the billions digit of 5542118402?
5
What is the hundred thousands digit of 2906076097?
0
What is the tens digit of 1833205129?
2
What is the tens digit of 2015469677?
7
What is the ten thousands digit of 823569281?
6
What is the millions digit of 2615792?
2
What is the hundred thousands digit of 53641455?
6
What is the ten thousands digit of 146360247?
6
What is the thousands digit of 80903436?
3
What is the units digit of 286347246?
6
What is the ten millions digit of 1457924441?
5
What is the units digit of 105371671?
1
What is the millions digit of 7447964599?
7
What is the tens digit of 312389850?
5
What is the ten millions digit of 26696647?
2
What is the ten millions digit of 370884452?
7
What is the millions digit of 66175217?
6
What is the thousands digit of 2112085?
2
What is the hundred thousands digit of 407587008?
5
What is the units digit of 160517701?
1
What is the ten thousands digit of 382972087?
7
What is the hundred thousands digit of 7198067?
1
What is the tens digit of 375575046?
4
What is the ten millions digit of 1751885641?
5
What is the thousands digit of 390227438?
7
What is the hundred thousands digit of 692613485?
6
What is the units digit of 12909389?
9
What is the units digit of 710484306?
6
What is the thousands digit of 21601305?
1
What is the billions digit of 1214747778?
1
What is the hundred thousands digit of 115774985?
7
What is the thousands digit of 180365153?
5
What is the ten millions digit of 43121285?
4
What is the millions digit of 2785685964?
5
What is the units digit of 412504227?
7
What is the ten millions digit of 261453684?
6
What is the millions digit of 59960310?
9
What is the billions digit of 3071958513?
3
What is the millions digit of 5504326643?
4
What is the thousands digit of 1530674351?
4
What is the ten thousands digit of 2827713?
2
What is the hundred thousands digit of 794256168?
2
What is the tens digit of 49571133?
3
What is the units digit of 630191697?
7
What is the hundred millions digit of 3100897951?
1
What is the ten thousands digit of 558608546?
0
What is the tens digit of 506141957?
5
What is the thousands digit of 1975350766?
0
What is the hundreds digit of 99073658?
6
What is the ten thousands digit of 3132731702?
3
What is the hundreds digit of 153750593?
5
What is the millions digit of 7621898542?
1
What is the units digit of 174254530?
0
What is the units digit of 1583874573?
3
What is the hundred millions digit of 500632075?
5
What is the hundred millions digit of 3597792066?
5
What is the billions digit of 6884449629?
6
What is the thousands digit of 586483330?
3
What is the ten millions digit of 51175888?
5
What is the millions digit of 836762573?
6
What is the hundreds digit of 328606464?
4
What is the tens digit of 428351063?
6
What is the hundreds digit of 14224909?
9
What is the hundreds digit of 45284406?
4
What is the ten thousands digit of 123146311?
4
What is the hundred thousands digit of 768932521?
9
What is the hundreds digit of 6673050664?
6
What is the hundred thousands digit of 3304030430?
0
What is the hundreds digit of 1380794521?
5
What is the tens digit of 215891360?
6
What is the ten millions digit of 202382029?
0
What is the millions digit of 53984578?
3
What is the units digit of 220770040?
0
What is the units digit of 145544716?
6
What is the ten millions digit of 28517040?
2
What is the tens digit of 4927115?
1
What is the ten thousands digit of 2308756898?
5
What is the thousands digit of 846035295?
5
What is the hundred thousands digit of 65845902?
8
What is the hundreds digit of 958214192?
1
What is the units digit of 194379894?
4
What is the tens digit of 530844200?
0
What is the hundred millions digit of 219162564?
2
What is the tens digit of 5470240758?
5
What is the thousands digit of 311451956?
1
What is the hundred thousands digit of 1118944473?
9
What is the hundred thousands digit of 46805053?
8
What is the hundreds digit of 40355297?
2
What is the millions digit of 7452826844?
2
What is the hundreds digit of 28352438?
4
What is the tens digit of 933036696?
9
What is the billions digit of 1545580979?
1
What is the ten thousands digit of 307820337?
2
What is the units digit of 6907382592?
2
What is the ten millions digit of 58351343?
5
What is the tens digit of 1395274046?
4
What is the millions digit of 45391645?
5
What is the tens digit of 348995645?
4
What is the hundred thousands digit of 13615467?
6
What is the billions digit of 2330825686?
2
What is the ten thousands digit of 119096921?
9
What is the hundred thousands digit of 84506129?
5
What is the tens digit of 82955668?
6
What is the ten thousands digit of 247735993?
3
What is the units digit of 122377135?
5
What is the thousands digit of 585897928?
7
What is the hundred millions digit of 342906747?
3
What is the tens digit of 8580449?
4
What is the units digit of 1819636053?
3
What is the ten thousands digit of 323148622?
4
What is the hundred thousan